-63.
19
What is (-280 - -207) + (-8 + -5 - ((-4 - -1) + -1))?
-82
36 - (2 + -2 + -2) - (30 - (29 + -2))
35
Evaluate (-2 + -63 - (-17 - (17 + -22))) + -8 - -3.
-58
What is the value of 12 - 0 - ((11 - (-8 - -16)) + -5)?
14
What is the value of 11 + -6 + (-14 - (26 + -63))?
28
Evaluate (2 - (0 - 15)) + -899 + 882 - (4 + -57).
53
Evaluate 10 + -2 + 10 + (93 - 125) + -10.
-24
Evaluate 1 + (13 - (35 + 5 + -3) - -7).
-16
(8 - (1 - -50)) + 11
-32
Evaluate 3 + -30 - -73 - 12 - -56.
90
What is 43 - (15 + (-10 - 2) - (-10 - -7))?
37
What is 39 - (-19 - -15) - 29 - -33?
47
-98 - (-13 - 26) - (-12 + -17)
-30
Evaluate -69 + 75 - (-28 - -25).
9
Evaluate (-67 - (-27 + 0 + 593 + -581)) + 21.
-31
What is -24 + 83 + -10 + -23?
26
What is (-19 + -1 + (16 - 10) + 5 - -1) + 56?
48
What is the value of -30 + -2 - (-216 + 216 + -98)?
66
What is (2 - 0) + -12 + (76 - 31) + -33?
2
Calculate -15 - (-5 + 7 + -5 + 11 + (-16 - 129)).
122
What is the value of -10 - ((-2 - 6) + 10 + (50 - (11 + 2)))?
-49
Calculate 5 + (12 - 13) + (7 - 7) - -48.
52
What is the value of 0 - -53 - (5854 - 5885)?
84
62 - (-26 - -35) - 51
2
What is 146 - 174 - (0 - 31) - 7?
-4
Evaluate 149 + (-83 + -5 - -55).
116
Calculate -38 - -90 - (-102 + 92).
62
Calculate 7 - 4 - (34 - 17 - (59 - 7)).
38
What is -5 + (7 - (-15 + 5)) - (0 + -2)?
14
Evaluate 30 - 19 - (0 - 31) - 5.
37
(6 - (1 + (4 - 1))) + (0 - (21 - 2))
-17
(-21 + 47 - 22) + 43
47
Calculate 1 - (206 + -79 - 235).
109
What is the value of 22 - (-41 + (-20 - -52))?
31
What is the value of 86 - 20 - 20 - -6?
52
What is (-11 - (-5 - -1)) + (138 - 71)?
60
-54 + (-9 - -47) + -37 + -2 + 1
-54
What is the value of -87 - (-83 - 54 - -87)?
-37
Evaluate 26 - ((-21 - (3 + -5)) + -112 + 122).
35
49 + (16 - 9) + (21 - (-14 + 22))
69
36 + -79 + -28 + 0 + 5 + 5
-61
Calculate -71 + 19 + 38 - (-121 - -1).
106
(-10 - (0 + -5)) + -20 - (15 - 3)
-37
What is (18 - (-4 - (-4 - 20))) + 74 + -10?
62
23 - (10 + 20 + 15)
-22
Calculate -12 + (-1 - -1) + (54 - -14 - -47 - 49).
54
What is the value of -8 + 34 + (9 + -14 - 2) + 18?
37
Calculate ((-13 - -2) + 5 - (210 - 209)) + 44.
37
-2627 - -2608 - (-25 - (0 + -1))
5
Calculate (12 - 13) + (5 - 0) - -4 - (3 + 60).
-55
What is (613 - 567) + (-75 - 10)?
-39
(5 - (1 - 7)) + 26 + (17 - -1)
55
Calculate -56 + (-15 - -7 - 3 - 24).
-91
Evaluate (-8 + -63 - 8) + 124.
45
Calculate 18 - 2 - 18 - (-7 + 4 + -8 + 0).
9
Calculate (-6 - -2) + 2 + -12 + 58 + 12 - 8.
48
(124 - -1) + (99 + -206 - -79)
97
Calculate (5 + -3 - -11) + -26 - (-27 - 77).
91
What is the value of 6 + 0 + -2 + 1 + -8 - 38?
-41
What is the value of 1 + (0 - 1) + (-136 - (90 + -238))?
12
Calculate (2 - -9) + -31 + 8 + -21 + 15.
-18
Calculate (7 + -1 - -3) + -4098 + 4124.
35
What is the value of 6 - (7 + (22 - (21 + 14)))?
12
Evaluate 35 + (-20 - (6 - ((15 - -6) + -4))).
26
(10 - (0 + 0)) + (1578 - 1627)
-39
What is 1 + -1 + (-1 - 0) + -12 + 12 + 34?
33
Evaluate -143 - (-392 - -291) - (-20 + -1).
-21
(-12 + 0 - 5) + -2 - -47
28
Evaluate 47 + -4 + -1 - (33 + -87).
96
What is 132 - ((61 - 90) + 97)?
64
What is (6 - (-34 + (9 - 6))) + -162 + 168?
43
Calculate (-6 - (-7 + -1 + 8 + -14)) + (17 - 14).
11
Evaluate 10 - (-7 - 1 - (-343 + 329)).
4
Evaluate 32 - 17 - 12 - (2 + -35 - 3).
39
What is -10 + 10 - (77 - 47)?
-30
Evaluate -103 + 146 + 70 - 169.
-56
Evaluate (-2 - -9) + 7 + (-37 - -12) + 4.
-7
What is the value of 8 + -15 - (26 - 3) - -13?
-17
What is the value of 17 - (5 + -2) - (-8 + 77 + -85)?
30
Evaluate (10 - 2) + (-25 - -16) - (20 + -6).
-15
Calculate -274 - -75 - -32 - -86.
-81
What is (10 + -45 - 43) + 91 + -64 + 0 + 0?
-51
Calculate 19 + -60 + 26 + 40.
25
-11 + (-26 - -9 - -18) - (-1 + -19)
10
-1128 + 1131 - (-8 + 2 + -29)
38
What is -3 + -2 + -5 - (33 - (6 + 3))?
-34
What is 42 + -78 + 15 + -8 + -4 + 6?
-27
What is the value of (100 - 89) + -45 + (-1 - (-5 - -4))?
-34
Calculate 131 + (-38 - 0 - (15 + -31)).
109
Calculate 2 - ((3 - 17) + (60 - 44) + -54).
54
What is the value of 4 + -12 - (9 - -2) - 31?
-50
What is the value of -2225 - -2185 - (27 + 2)?
-69
Evaluate (-1 - -48) + -5 + (5 - (-15 + 21)).
41
What is the value of 101 + 16 + -43 + -40?
34
Evaluate 75 - 114 - (-5 + 1) - (11 + -10).
-36
What is 25 - 27 - ((1 - 19) + 4) - 19?
-7
What is the value of (-23 - 37) + 63 + (-4 - (3 - -35))?
-39
40 + (14 - (58 - 3))
-1
(17 - (-17 + (55 - 21))) + -18
-18
Calculate 7 + 1 + (-11 - -1) + (-85 - -24 - -61).
-2
-33 + 88 + (-6 - (-41 + 55))
35
What is 8 - (-69 + (43 - 2) + -53)?
89
Evaluate (-4 - -20) + (16 - 15) - (0 + -9).
26
35 + 12 - 37 - -53
63
Evaluate -82 - (-50 - 82) - 42.
8
-47 + (-23 - ((21 - 10) + -16) - -15)
-50
Evaluate -24 - (18 - (-9 - -37)) - -105.
91
What is the value of 17766 + -17929 + 54 + 0?
-109
What is 28 + (10 - -1) + -15 - 32?
-8
Calculate -29 + -62 - -234 - 98.
45
22 + ((23 - 8) + -14 - -2 - (1 + -4))
28
Calculate (-54 - -86 - -137) + -49 + 6.
126
What is the value of -60 + -5 + 1 + (178 - 60) + -93?
-39
What is the value of -24 - ((-33 - -133) + -96)?
-28
What is the value of -82 + 1 - (-53 - (-104 - -69))?
-63
-19 + 39 + (-14 - -57)
63
Calculate (3 - -49) + (-39 - (36 - 61)).
38
-18 + 54 + -17 + 0 - 46
-27
Calculate -2 + (-36 - (-23 + 8 - -15)) - 13.
-51
What is (1 - (7 - (-9 + (1 - -7)))) + (1 - -16)?
10
Evaluate 7 + (-10 + 5 - 0) + -5 - -55 - -2.
54
6 + -2 + (5 + -8 + (4 - -1) - 59)
-53
What is the value of (17 - -1) + (126 - (263 + -93))?
-26
1 - 0 - 13 - (-28 - (28 - (0 - -7)))
37
What is 7 + (74 - (29 + (-7 - 5)))?
64
9 + -62 - ((-22 - (12 - 23)) + -9)
-33
What is the value of (-6 - (24 + 0)) + (-20 - -18 - -8)?
-24
What is the value of 4 - (-6 + 21 + -70)?
59
What is the value of -85 - (32 + (-148 - -17))?
14
Evaluate 0 + ((93 - 2) + 14 - 8) + -7 - 1.
89
Evaluate (-10 - (-11 - -21)) + (7 - (15 + -7 - 7)).
-14
What is -9 + (13 + -31 - -53) - (0 - -4)?
22
What is 90 + -67 + -96 + 3?
-70
What is 174 - 84 - (17 + 37)?
36
What is the value of -1 - 53 - ((15 - (8 + 0)) + 3 - 3)?
-61
What is the value of -14 + -17 + (-5 - -41) + -10?
-5
What is 39 + -42 + 26 + -49?
-26
Calculate 5 + (-56 + 41 - (1 + -12)) + -8.
-7
Evaluate -6 + 3 + (9 - 8 - 0) - (9 - -58).
-69
What is -125 + 74 + (7 - -74)?
30
Evaluate -31 - (-1 + 9) - -26 - (-1 - -1) - -116.
103
What is the value of -43 - -39 - (33 - -13)?
-50
What is the value of -78 + (98 - (-29 + 32))?
17
Calculate (2 - -7 - 1) + 64 + -87 + 27.
12
Evaluate -19 + -2 + 227 + -152 + -143.
-89
Evaluate 10 + (2 + (-11 - -6) - (-3 + 1 - 28)).
37
What is (0 - 1) + -5 + (-19 - -11) + 3 + 1?
-10
Calculate -4 - (-4 + 2) - (3155 + -3233).
76
Calculate 54 + 9 + -13 + 17 + (-12 - -2).
57
Calculate 2328 - 2345 - (-143 + 0).
126
What is the value of 0 + -5 - (80 + (8 - (34 - 60)) + -45)?
-74
Calculate -8 + (-12 - (10 - 75)) - (5 + -9 + 0).
49
Calculate 5 - 5 - (-1 + 1) - (-67 - -50).
17
-10524 + 10468 - (3 - 2 - (1 - 14))
-70
Calculate 1 + -8 + -1 + 21 - (190 - 188).
11
Calculate 9 + (0 - -9) + (61 - 57) + (2 - -8).
32
What is the value of -20 - (-18 + 74 + -177)?
101
What is the value of -85 + (17 - (-24 - -31) - 2)?
-77
(24 - 12) + (-3 + 0 - (120 - 125)) + -5
9
(-132 - (0 - 57)) + 61
-14
Evaluate -13 + 7 + (19 - (18 + -8)) + 62.
65
Evaluate 3 - (23 + -17 + (18 - 12)).
-9
(21 + -3 + -13 + -10 + 1 - -16) + -41
-29
Evaluate -69 + -16 + -13 + 24.
-74
What is the value of -8 + (-4 + 5 - -2 - (-39 - -15))?
19
What is (-37 - -11) + -11 - -29?
-8
(26 - -15 - -11) + (-231 - -278)
99
Evaluate -79 - (-88 - (-12 + -21)).
-24
What is the value of -2 + (-21 - 0) - (-12828 - -12838)?
-33
19 + 2 + (4 - 2) + (-560 - -548)
11
(-1 - (1 + -1)) + (91 - (-62 - -97))
55
Calculate (148 - (-55 + 184)) + -111.
-92
Evaluate 26 + 3 + 11 + 13.
53
What is 8 - (-136 + (7 - 9)) - 9 - (14 + -2)?
125
What is the value of (223 - 241) + (-22 - -6 - -3)?
-31
Evaluate -11 - (-41 + (-13 + 5 + 15 - 3)).
26
Calculate -19 + 3 + (-3 - (-19 + 30)) + 1 + 4.
-25
Evaluate 1 - (-272 + 260 - ((-1 - 0) + -12)).
0
(-5 - -3 - (4 - -6)) + (-5 - -57 - 12)
28
What is 20 + 40 + 48 - 114?
-6
Evaluate -129 + (68 - 2) - -131.
68
What is 0 + -1 - (4 + 0) - -5 - (-55 + 25)?
30
What is the value of 9 + -7 + -95 + (16 - (17 - 15))?
-79
Calculate 9 - -2 - ((-48 - 26) + 61).
24
39 + (-126 - -175) - 20
68
What is the value of -7 + -19 + 6 + -1 + -23 + 17?
-27
-54 + (-39 - -3